{"id":17,"date":"2013-12-03T15:19:58","date_gmt":"2013-12-03T14:19:58","guid":{"rendered":"http:\/\/assoplan9.wordpress.com\/?page_id=17"},"modified":"2025-04-17T09:42:16","modified_gmt":"2025-04-17T07:42:16","slug":"lasso","status":"publish","type":"page","link":"https:\/\/assoplan9.com\/?page_id=17","title":{"rendered":"Plan9"},"content":{"rendered":"\n<figure class=\"wp-block-image size-large\"><img loading=\"lazy\" decoding=\"async\" width=\"2560\" height=\"1441\" src=\"https:\/\/assoplan9.com\/wp-content\/uploads\/2025\/04\/FSC_23_\u00a9journot_6276-edited-scaled.jpg\" alt=\"\" class=\"wp-image-2982\" srcset=\"https:\/\/assoplan9.com\/wp-content\/uploads\/2025\/04\/FSC_23_\u00a9journot_6276-edited-scaled.jpg 2560w, https:\/\/assoplan9.com\/wp-content\/uploads\/2025\/04\/FSC_23_\u00a9journot_6276-edited-300x169.jpg 300w, https:\/\/assoplan9.com\/wp-content\/uploads\/2025\/04\/FSC_23_\u00a9journot_6276-edited-1024x576.jpg 1024w, https:\/\/assoplan9.com\/wp-content\/uploads\/2025\/04\/FSC_23_\u00a9journot_6276-edited-768x432.jpg 768w, https:\/\/assoplan9.com\/wp-content\/uploads\/2025\/04\/FSC_23_\u00a9journot_6276-edited-1536x864.jpg 1536w, https:\/\/assoplan9.com\/wp-content\/uploads\/2025\/04\/FSC_23_\u00a9journot_6276-edited-2048x1152.jpg 2048w\" sizes=\"auto, (max-width: 2560px) 100vw, 2560px\" \/><\/figure>\n\n\n<h3>\u00a0<\/h3>\n<h3><span style=\"color: #000000;\"><strong>Objectifs<\/strong><\/span><\/h3>\n<p align=\"justify\">Plan9 est une association de promotion et de d\u00e9fense du cin\u00e9ma ind\u00e9pendant et particuli\u00e8rement le court-m\u00e9trage. Chaque ann\u00e9e l\u2019association organise le festival international du court-m\u00e9trage de Dijon \u00ab\u00a0<strong><a href=\"http:\/\/fenetres-sur-courts.com\/\" target=\"_blank\" rel=\"noopener\">Fen\u00eatres sur courts<\/a><\/strong>\u00a0\u00bb. Depuis 2015, l\u2019association est \u00e9galement cr\u00e9atrice et productrice de cin\u00e9-concert-spectacle \u00e0 destination du jeune public (<a href=\"https:\/\/assoplan9.com\/tag\/melodies-en-courts\/\" target=\"_blank\" rel=\"noopener\"><strong>M\u00e9lodie en courts<\/strong><\/a> ; <a href=\"https:\/\/assoplan9.com\/tag\/et-si-le-ciel-etait-vert\/\" target=\"_blank\" rel=\"noopener\"><strong>Et si le ciel \u00e9tait vert<\/strong><\/a>). Nous proposons \u00e9galement des projections th\u00e9matiques sur demande et participons activement \u00e0 l\u2019offre culturel local. L\u2019\u00e9ducation \u00e0 l\u2019image \u00e9tant au c\u0153ur de nos priorit\u00e9s, nous animons des ateliers et faisons des actions de m\u00e9diation tout au long de l\u2019ann\u00e9e.<\/p>\n<p align=\"justify\">L\u2019association est reconnue au niveau local et national, et si\u00e8ge au conseil d\u2019administration de <a href=\"https:\/\/laminoterie-jeunepublic.fr\/\" target=\"_blank\" rel=\"noopener\">La Minoterie, P\u00f4le de cr\u00e9ation jeune public et d\u2019\u00e9ducation artistique<\/a>, Dijon.<\/p>\n<p>Depuis 2018, le festival Fen\u00eatres sur courts est adh\u00e9rent au <a href=\"http:\/\/www.festivalscine.com\/\" target=\"_blank\" rel=\"noopener\">Carrefour des festivals<\/a> qui r\u00e9unit les plus grands festivals de courts-m\u00e9trages (Clermont Ferrand, Brest, La Rochelle, Villeurbanne, Douanenez, etc.).\u00a0<\/p>\n<p>\u00a0<\/p>\n<h3><span style=\"color: #000000;\"><strong>Histoire\u00a0<\/strong><\/span><\/h3>\n<p style=\"text-align: justify;\">Cr\u00e9\u00e9 en 1995 \u00e0 l&rsquo;initiative de Didier Besnier, directeur du cin\u00e9ma Eldorado, le festival <em>Fen\u00eatres Sur Courts, <\/em>dresse \u00e0 l&rsquo;origine un panorama du court-m\u00e9trage en France. Deux comp\u00e9titions viennent par la suite compl\u00e9ter sa programmation (nationale sur le th\u00e8me de l&rsquo;humour &amp; r\u00e9gionale).\u00a0Le d\u00e9part de Didier Besnier en 2005 produit un grand changement, puisque c&rsquo;est\u00a0l&rsquo;association de spectateurs <em>Les Amis de l&rsquo;Eldo<\/em> qui reprend enti\u00e8rement l&rsquo;organisation du festival. Au fil des ann\u00e9es, <em>Fen\u00eatres sur courts<\/em> grandit avec la cr\u00e9ation de nouvelles comp\u00e9titions (comp\u00e9titions europ\u00e9enne, internationale, films de genres) et s&rsquo;affirme comme un rendez-vous indispensable du 7e Art, appr\u00e9ci\u00e9 du public et des professionnels. De nouveaux projets voient le jour : cin\u00e9-go\u00fbter, zik &amp; courts, 48H Pour Faire un Film.\u00a0C&rsquo;est donc naturellement que l&rsquo;association op\u00e8re une mutation pour \u00eatre ind\u00e9pendante et ne plus \u00eatre rattach\u00e9e au cin\u00e9ma Eldorado : Plan9 est ainsi cr\u00e9\u00e9e en mai 2012 avec la volont\u00e9 de d\u00e9velopper son activit\u00e9, de promouvoir le cin\u00e9ma ind\u00e9pendant et plus particuli\u00e8rement le court-m\u00e9trage.<\/p>\n<p>\u00a0<\/p>\n<h3 style=\"text-align: left;\"><span style=\"color: #000000;\"><strong>\u00c9quipe<\/strong><\/span><\/h3>\n<p><strong>Membres du bureau<\/strong><br \/><em style=\"font-size: revert; color: initial;\">\u2022 Pr\u00e9sident<\/em><span style=\"font-size: revert; color: initial;\"> : Jean-S\u00e9bastien LAMOUR<br \/><\/span><em style=\"font-size: revert; color: initial;\">\u2022 Vice-pr\u00e9sidente<\/em><span style=\"font-size: revert; color: initial;\"> : Marta ALVAREZ<br \/><\/span><em style=\"font-size: revert; color: initial;\">\u2022 Tr\u00e9sorier<\/em><span style=\"font-size: revert; color: initial;\"> : Laureano Montero<br \/><\/span><em style=\"font-size: revert; color: initial;\">\u2022 Secr\u00e9taire<\/em><span style=\"font-size: revert; color: initial;\"> : Laurent OLIVIER<\/span><\/p>\n<p><strong>Salari\u00e9es<\/strong><em style=\"font-size: revert; text-align: justify; color: initial;\"><br \/>\u2022 Directrice &#8211; Responsable de la programmation <\/em><span style=\"font-size: revert; text-align: justify; color: initial;\">: Elen Bernard &#8211; elen(at)plan09.fr<br \/><\/span><em style=\"font-size: revert; text-align: justify; color: initial;\">\u2022 Charg\u00e9e de communication et de coordination<\/em><span style=\"font-size: revert; text-align: justify; color: initial;\"> : Emilie Perricaudet &#8211; emilie(at)plan09.fr<\/span><\/p>\n<p>\u00a0<\/p>\n<h3><strong>Contacts<\/strong><\/h3>\n<p style=\"text-align: justify;\">Pour plus d\u2019informations contactez-nous par mail \u00e0 <strong>contact(at)plan09.fr <br \/><\/strong>ou par t\u00e9l\u00e9phone au<strong> 03 71 19 73 39<\/strong><\/p>\n<p><strong>PLAN9<br \/><\/strong><strong>21 rue Berlier<br \/><\/strong><strong>21000 Dijon, France<\/strong><\/p>\n\n\n<p><\/p>\n","protected":false},"excerpt":{"rendered":"<p>\u00a0 Objectifs Plan9 est une association de promotion et de d\u00e9fense du cin\u00e9ma ind\u00e9pendant et particuli\u00e8rement le court-m\u00e9trage. Chaque ann\u00e9e l\u2019association organise le festival international du court-m\u00e9trage de Dijon \u00ab\u00a0Fen\u00eatres sur courts\u00a0\u00bb. Depuis 2015, l\u2019association est \u00e9galement cr\u00e9atrice et productrice de cin\u00e9-concert-spectacle \u00e0 destination du jeune public (M\u00e9lodie en courts ; Et si le ciel [&hellip;]<\/p>\n","protected":false},"author":1,"featured_media":0,"parent":0,"menu_order":0,"comment_status":"closed","ping_status":"closed","template":"","meta":{"_exactmetrics_skip_tracking":false,"_exactmetrics_sitenote_active":false,"_exactmetrics_sitenote_note":"","_exactmetrics_sitenote_category":0,"ngg_post_thumbnail":0,"footnotes":""},"class_list":["post-17","page","type-page","status-publish","hentry"],"_links":{"self":[{"href":"https:\/\/assoplan9.com\/index.php?rest_route=\/wp\/v2\/pages\/17","targetHints":{"allow":["GET"]}}],"collection":[{"href":"https:\/\/assoplan9.com\/index.php?rest_route=\/wp\/v2\/pages"}],"about":[{"href":"https:\/\/assoplan9.com\/index.php?rest_route=\/wp\/v2\/types\/page"}],"author":[{"embeddable":true,"href":"https:\/\/assoplan9.com\/index.php?rest_route=\/wp\/v2\/users\/1"}],"replies":[{"embeddable":true,"href":"https:\/\/assoplan9.com\/index.php?rest_route=%2Fwp%2Fv2%2Fcomments&post=17"}],"version-history":[{"count":61,"href":"https:\/\/assoplan9.com\/index.php?rest_route=\/wp\/v2\/pages\/17\/revisions"}],"predecessor-version":[{"id":3022,"href":"https:\/\/assoplan9.com\/index.php?rest_route=\/wp\/v2\/pages\/17\/revisions\/3022"}],"wp:attachment":[{"href":"https:\/\/assoplan9.com\/index.php?rest_route=%2Fwp%2Fv2%2Fmedia&parent=17"}],"curies":[{"name":"wp","href":"https:\/\/api.w.org\/{rel}","templated":true}]}}

<figure class="wp-block-image size-large"><img loading="lazy" decoding="async" width="2560" height="1441" src="https://assoplan9.com/wp-content/uploads/2025/04/FSC_23_©journot_6276-edited-scaled.jpg" alt="" class="wp-image-2982" srcset="https://assoplan9.com/wp-content/uploads/2025/04/FSC_23_©journot_6276-edited-scaled.jpg 2560w, https://assoplan9.com/wp-content/uploads/2025/04/FSC_23_©journot_6276-edited-300x169.jpg 300w, https://assoplan9.com/wp-content/uploads/2025/04/FSC_23_©journot_6276-edited-1024x576.jpg 1024w, https://assoplan9.com/wp-content/uploads/2025/04/FSC_23_©journot_6276-edited-768x432.jpg 768w, https://assoplan9.com/wp-content/uploads/2025/04/FSC_23_©journot_6276-edited-1536x864.jpg 1536w, https://assoplan9.com/wp-content/uploads/2025/04/FSC_23_©journot_6276-edited-2048x1152.jpg 2048w" sizes="auto, (max-width: 2560px) 100vw, 2560px" /></figure>


<h3> </h3>
<h3><span style="color: #000000;"><strong>Objectifs</strong></span></h3>
<p align="justify">Plan9 est une association de promotion et de défense du cinéma indépendant et particulièrement le court-métrage. Chaque année l’association organise le festival international du court-métrage de Dijon « <strong><a href="http://fenetres-sur-courts.com/" target="_blank" rel="noopener">Fenêtres sur courts</a></strong> ». Depuis 2015, l’association est également créatrice et productrice de ciné-concert-spectacle à destination du jeune public (<a href="https://assoplan9.com/tag/melodies-en-courts/" target="_blank" rel="noopener"><strong>Mélodie en courts</strong></a> ; <a href="https://assoplan9.com/tag/et-si-le-ciel-etait-vert/" target="_blank" rel="noopener"><strong>Et si le ciel était vert</strong></a>). Nous proposons également des projections thématiques sur demande et participons activement à l’offre culturel local. L’éducation à l’image étant au cœur de nos priorités, nous animons des ateliers et faisons des actions de médiation tout au long de l’année.</p>
<p align="justify">L’association est reconnue au niveau local et national, et siège au conseil d’administration de <a href="https://laminoterie-jeunepublic.fr/" target="_blank" rel="noopener">La Minoterie, Pôle de création jeune public et d’éducation artistique</a>, Dijon.</p>
<p>Depuis 2018, le festival Fenêtres sur courts est adhérent au <a href="http://www.festivalscine.com/" target="_blank" rel="noopener">Carrefour des festivals</a> qui réunit les plus grands festivals de courts-métrages (Clermont Ferrand, Brest, La Rochelle, Villeurbanne, Douanenez, etc.). </p>
<p> </p>
<h3><span style="color: #000000;"><strong>Histoire </strong></span></h3>
<p style="text-align: justify;">Créé en 1995 à l&rsquo;initiative de Didier Besnier, directeur du cinéma Eldorado, le festival <em>Fenêtres Sur Courts, </em>dresse à l&rsquo;origine un panorama du court-métrage en France. Deux compétitions viennent par la suite compléter sa programmation (nationale sur le thème de l&rsquo;humour &amp; régionale). Le départ de Didier Besnier en 2005 produit un grand changement, puisque c&rsquo;est l&rsquo;association de spectateurs <em>Les Amis de l&rsquo;Eldo</em> qui reprend entièrement l&rsquo;organisation du festival. Au fil des années, <em>Fenêtres sur courts</em> grandit avec la création de nouvelles compétitions (compétitions européenne, internationale, films de genres) et s&rsquo;affirme comme un rendez-vous indispensable du 7e Art, apprécié du public et des professionnels. De nouveaux projets voient le jour : ciné-goûter, zik &amp; courts, 48H Pour Faire un Film. C&rsquo;est donc naturellement que l&rsquo;association opère une mutation pour être indépendante et ne plus être rattachée au cinéma Eldorado : Plan9 est ainsi créée en mai 2012 avec la volonté de développer son activité, de promouvoir le cinéma indépendant et plus particulièrement le court-métrage.</p>
<p> </p>
<h3 style="text-align: left;"><span style="color: #000000;"><strong>Équipe</strong></span></h3>
<p><strong>Membres du bureau</strong><br /><em style="font-size: revert; color: initial;">• Président</em><span style="font-size: revert; color: initial;"> : Jean-Sébastien LAMOUR<br /></span><em style="font-size: revert; color: initial;">• Vice-présidente</em><span style="font-size: revert; color: initial;"> : Marta ALVAREZ<br /></span><em style="font-size: revert; color: initial;">• Trésorier</em><span style="font-size: revert; color: initial;"> : Laureano Montero<br /></span><em style="font-size: revert; color: initial;">• Secrétaire</em><span style="font-size: revert; color: initial;"> : Laurent OLIVIER</span></p>
<p><strong>Salariées</strong><em style="font-size: revert; text-align: justify; color: initial;"><br />• Directrice &#8211; Responsable de la programmation </em><span style="font-size: revert; text-align: justify; color: initial;">: Elen Bernard &#8211; elen(at)plan09.fr<br /></span><em style="font-size: revert; text-align: justify; color: initial;">• Chargée de communication et de coordination</em><span style="font-size: revert; text-align: justify; color: initial;"> : Emilie Perricaudet &#8211; emilie(at)plan09.fr</span></p>
<p> </p>
<h3><strong>Contacts</strong></h3>
<p style="text-align: justify;">Pour plus d’informations contactez-nous par mail à <strong>contact(at)plan09.fr <br /></strong>ou par téléphone au<strong> 03 71 19 73 39</strong></p>
<p><strong>PLAN9<br /></strong><strong>21 rue Berlier<br /></strong><strong>21000 Dijon, France</strong></p>


<p></p>

<p>  Objectifs Plan9 est une association de promotion et de défense du cinéma indépendant et particulièrement le court-métrage. Chaque année l’association organise le festival international du court-métrage de Dijon « Fenêtres sur courts ». Depuis 2015, l’association est également créatrice et productrice de ciné-concert-spectacle à destination du jeune public (Mélodie en courts ; Et si le ciel [&hellip;]</p>
